{"id":291,"date":"2023-05-16T09:09:18","date_gmt":"2023-05-16T09:09:18","guid":{"rendered":"https:\/\/residence-les-flots-bleus.fr\/?page_id=291"},"modified":"2024-01-03T15:09:32","modified_gmt":"2024-01-03T15:09:32","slug":"lappartement","status":"publish","type":"page","link":"https:\/\/residence-les-flots-bleus.fr\/index.php\/lappartement\/","title":{"rendered":"L&rsquo;appartement"},"content":{"rendered":"\n<p>L&rsquo;appartement a une surface de 150 m<sup>2<\/sup>  r\u00e9parti en 5 pi\u00e8ces (2 chambres, 1 cuisine, 1 salon, 1 salle \u00e0 manger, 1 salle de bain avec douche et WC, 1 salle avec baignoire et un WC \u00e0 part), il est climatis\u00e9. Vous trouverez tout le confort n\u00e9cessaire pour y passer un agr\u00e9able s\u00e9jour.<\/p>\n\n\n\n<div id=\"ez-toc-container\" class=\"ez-toc-v2_0_79_2 counter-hierarchy ez-toc-counter ez-toc-grey ez-toc-container-direction\">\n<div class=\"ez-toc-title-container\">\n<p class=\"ez-toc-title\" style=\"cursor:inherit\">Sommaire<\/p>\n<span class=\"ez-toc-title-toggle\"><a href=\"#\" class=\"ez-toc-pull-right ez-toc-btn ez-toc-btn-xs ez-toc-btn-default ez-toc-toggle\" aria-label=\"Toggle Table of Content\"><span class=\"ez-toc-js-icon-con\"><span class=\"\"><span class=\"eztoc-hide\" style=\"display:none;\">Toggle<\/span><span class=\"ez-toc-icon-toggle-span\"><svg style=\"fill: #999;color:#999\" xmlns=\"http:\/\/www.w3.org\/2000\/svg\" class=\"list-377408\" width=\"20px\" height=\"20px\" viewBox=\"0 0 24 24\" fill=\"none\"><path d=\"M6 6H4v2h2V6zm14 0H8v2h12V6zM4 11h2v2H4v-2zm16 0H8v2h12v-2zM4 16h2v2H4v-2zm16 0H8v2h12v-2z\" fill=\"currentColor\"><\/path><\/svg><svg style=\"fill: #999;color:#999\" class=\"arrow-unsorted-368013\" xmlns=\"http:\/\/www.w3.org\/2000\/svg\" width=\"10px\" height=\"10px\" viewBox=\"0 0 24 24\" version=\"1.2\" baseProfile=\"tiny\"><path d=\"M18.2 9.3l-6.2-6.3-6.2 6.3c-.2.2-.3.4-.3.7s.1.5.3.7c.2.2.4.3.7.3h11c.3 0 .5-.1.7-.3.2-.2.3-.5.3-.7s-.1-.5-.3-.7zM5.8 14.7l6.2 6.3 6.2-6.3c.2-.2.3-.5.3-.7s-.1-.5-.3-.7c-.2-.2-.4-.3-.7-.3h-11c-.3 0-.5.1-.7.3-.2.2-.3.5-.3.7s.1.5.3.7z\"\/><\/svg><\/span><\/span><\/span><\/a><\/span><\/div>\n<nav><ul class='ez-toc-list ez-toc-list-level-1 ' ><li class='ez-toc-page-1 ez-toc-heading-level-2'><a class=\"ez-toc-link ez-toc-heading-1\" href=\"https:\/\/residence-les-flots-bleus.fr\/index.php\/lappartement\/#La_cuisine\" >La cuisine<\/a><\/li><li class='ez-toc-page-1 ez-toc-heading-level-2'><a class=\"ez-toc-link ez-toc-heading-2\" href=\"https:\/\/residence-les-flots-bleus.fr\/index.php\/lappartement\/#La_salle_a_manger_salon\" >La salle \u00e0 manger \/ salon<\/a><\/li><li class='ez-toc-page-1 ez-toc-heading-level-2'><a class=\"ez-toc-link ez-toc-heading-3\" href=\"https:\/\/residence-les-flots-bleus.fr\/index.php\/lappartement\/#Chambre_1\" >Chambre 1<\/a><\/li><li class='ez-toc-page-1 ez-toc-heading-level-2'><a class=\"ez-toc-link ez-toc-heading-4\" href=\"https:\/\/residence-les-flots-bleus.fr\/index.php\/lappartement\/#Chambre_2\" >Chambre 2<\/a><\/li><li class='ez-toc-page-1 ez-toc-heading-level-2'><a class=\"ez-toc-link ez-toc-heading-5\" href=\"https:\/\/residence-les-flots-bleus.fr\/index.php\/lappartement\/#La_salle_deau\" >La salle d&rsquo;eau<\/a><\/li><li class='ez-toc-page-1 ez-toc-heading-level-2'><a class=\"ez-toc-link ez-toc-heading-6\" href=\"https:\/\/residence-les-flots-bleus.fr\/index.php\/lappartement\/#La_salle_de_bain\" >La salle de bain<\/a><\/li><li class='ez-toc-page-1 ez-toc-heading-level-2'><a class=\"ez-toc-link ez-toc-heading-7\" href=\"https:\/\/residence-les-flots-bleus.fr\/index.php\/lappartement\/#Les_terrasses\" >Les terrasses<\/a><\/li><li class='ez-toc-page-1 ez-toc-heading-level-2'><a class=\"ez-toc-link ez-toc-heading-8\" href=\"https:\/\/residence-les-flots-bleus.fr\/index.php\/lappartement\/#Equipements_pour_le_linge_et_le_menage\" >Equipements pour le linge et le m\u00e9nage<\/a><\/li><li class='ez-toc-page-1 ez-toc-heading-level-2'><a class=\"ez-toc-link ez-toc-heading-9\" href=\"https:\/\/residence-les-flots-bleus.fr\/index.php\/lappartement\/#Divers\" >Divers<\/a><\/li><\/ul><\/nav><\/div>\n<h2 class=\"wp-block-heading\"><span class=\"ez-toc-section\" id=\"La_cuisine\"><\/span>La cuisine<span class=\"ez-toc-section-end\"><\/span><\/h2>\n\n\n\n<div class=\"wp-block-columns is-layout-flex wp-container-core-columns-is-layout-9d6595d7 wp-block-columns-is-layout-flex\">\n<div class=\"wp-block-column is-layout-flow wp-block-column-is-layout-flow\">\n<ul class=\"wp-block-list\">\n<li>Four micro-onde<\/li>\n\n\n\n<li>Plaques de cuisson<\/li>\n\n\n\n<li>R\u00e9frig\u00e9rateur avec cong\u00e9lateur<\/li>\n\n\n\n<li>Lave-vaisselle<\/li>\n\n\n\n<li>1 cafeti\u00e8re \u00e0 filtre, 1 cafeti\u00e8re \u00e0 dosette, 1 th\u00e9i\u00e8re<\/li>\n\n\n\n<li>Grille-pain<\/li>\n\n\n\n<li>Casseroles, po\u00eales, marmites, &#8230;<\/li>\n\n\n\n<li>Assiettes, verres, fourchettes, couteaux, cuill\u00e8res<\/li>\n<\/ul>\n<\/div>\n\n\n\n<div class=\"wp-block-column is-layout-flow wp-block-column-is-layout-flow\">\n<figure class=\"wp-block-image size-large\"><img fetchpriority=\"high\" decoding=\"async\" width=\"1024\" height=\"766\" src=\"https:\/\/residence-les-flots-bleus.fr\/wp-content\/uploads\/2023\/05\/IMG_20230504_151929-1024x766.jpg\" alt=\"\" class=\"wp-image-331\" srcset=\"https:\/\/residence-les-flots-bleus.fr\/wp-content\/uploads\/2023\/05\/IMG_20230504_151929-1024x766.jpg 1024w, https:\/\/residence-les-flots-bleus.fr\/wp-content\/uploads\/2023\/05\/IMG_20230504_151929-300x224.jpg 300w, https:\/\/residence-les-flots-bleus.fr\/wp-content\/uploads\/2023\/05\/IMG_20230504_151929-768x574.jpg 768w, https:\/\/residence-les-flots-bleus.fr\/wp-content\/uploads\/2023\/05\/IMG_20230504_151929-1536x1149.jpg 1536w, https:\/\/residence-les-flots-bleus.fr\/wp-content\/uploads\/2023\/05\/IMG_20230504_151929-2048x1532.jpg 2048w\" sizes=\"(max-width: 767px) 89vw, (max-width: 1000px) 54vw, (max-width: 1071px) 543px, 580px\" \/><\/figure>\n<\/div>\n<\/div>\n\n\n\n<h2 class=\"wp-block-heading\"><span class=\"ez-toc-section\" id=\"La_salle_a_manger_salon\"><\/span>La salle \u00e0 manger \/ salon<span class=\"ez-toc-section-end\"><\/span><\/h2>\n\n\n\n<div class=\"wp-block-columns is-layout-flex wp-container-core-columns-is-layout-9d6595d7 wp-block-columns-is-layout-flex\">\n<div class=\"wp-block-column is-layout-flow wp-block-column-is-layout-flow\">\n<figure class=\"wp-block-image size-large\"><img decoding=\"async\" width=\"1024\" height=\"766\" src=\"https:\/\/residence-les-flots-bleus.fr\/wp-content\/uploads\/2023\/05\/IMG_20230512_102730-1024x766.jpg\" alt=\"\" class=\"wp-image-362\" srcset=\"https:\/\/residence-les-flots-bleus.fr\/wp-content\/uploads\/2023\/05\/IMG_20230512_102730-1024x766.jpg 1024w, https:\/\/residence-les-flots-bleus.fr\/wp-content\/uploads\/2023\/05\/IMG_20230512_102730-300x224.jpg 300w, https:\/\/residence-les-flots-bleus.fr\/wp-content\/uploads\/2023\/05\/IMG_20230512_102730-768x574.jpg 768w, https:\/\/residence-les-flots-bleus.fr\/wp-content\/uploads\/2023\/05\/IMG_20230512_102730-1536x1149.jpg 1536w, https:\/\/residence-les-flots-bleus.fr\/wp-content\/uploads\/2023\/05\/IMG_20230512_102730-2048x1532.jpg 2048w\" sizes=\"(max-width: 767px) 89vw, (max-width: 1000px) 54vw, (max-width: 1071px) 543px, 580px\" \/><\/figure>\n<\/div>\n\n\n\n<div class=\"wp-block-column is-layout-flow wp-block-column-is-layout-flow\">\n<ul class=\"wp-block-list\">\n<li>Salle \u00e0 manger avec une table pour 6 personnes<\/li>\n\n\n\n<li>Salon s\u00e9par\u00e9<\/li>\n\n\n\n<li>Balcons cot\u00e9 salle \u00e0 manger et cot\u00e9 salon<\/li>\n\n\n\n<li>Plancha \u00e0 gaz sur la terrasse<\/li>\n\n\n\n<li>1 canap\u00e9 lit 2 places<\/li>\n\n\n\n<li>1 t\u00e9l\u00e9vision<\/li>\n<\/ul>\n<\/div>\n<\/div>\n\n\n\n<h2 class=\"wp-block-heading\"><span class=\"ez-toc-section\" id=\"Chambre_1\"><\/span>Chambre 1<span class=\"ez-toc-section-end\"><\/span><\/h2>\n\n\n\n<div class=\"wp-block-columns is-layout-flex wp-container-core-columns-is-layout-9d6595d7 wp-block-columns-is-layout-flex\">\n<div class=\"wp-block-column is-layout-flow wp-block-column-is-layout-flow\">\n<ul class=\"wp-block-list\">\n<li>Lit double<\/li>\n\n\n\n<li>Draps et couvertures fournis<\/li>\n\n\n\n<li>Terrasse avec vue sur la mer<\/li>\n\n\n\n<li>T\u00e9l\u00e9vision<\/li>\n<\/ul>\n<\/div>\n\n\n\n<div class=\"wp-block-column is-layout-flow wp-block-column-is-layout-flow\">\n<figure class=\"wp-block-image size-large\"><img decoding=\"async\" width=\"1024\" height=\"768\" src=\"https:\/\/residence-les-flots-bleus.fr\/wp-content\/uploads\/2024\/01\/IMG_5100-1024x768.jpg\" alt=\"\" class=\"wp-image-435\" srcset=\"https:\/\/residence-les-flots-bleus.fr\/wp-content\/uploads\/2024\/01\/IMG_5100-1024x768.jpg 1024w, https:\/\/residence-les-flots-bleus.fr\/wp-content\/uploads\/2024\/01\/IMG_5100-300x225.jpg 300w, https:\/\/residence-les-flots-bleus.fr\/wp-content\/uploads\/2024\/01\/IMG_5100-768x576.jpg 768w, https:\/\/residence-les-flots-bleus.fr\/wp-content\/uploads\/2024\/01\/IMG_5100-1536x1152.jpg 1536w, https:\/\/residence-les-flots-bleus.fr\/wp-content\/uploads\/2024\/01\/IMG_5100-2048x1536.jpg 2048w\" sizes=\"(max-width: 767px) 89vw, (max-width: 1000px) 54vw, (max-width: 1071px) 543px, 580px\" \/><\/figure>\n<\/div>\n<\/div>\n\n\n\n<h2 class=\"wp-block-heading\"><span class=\"ez-toc-section\" id=\"Chambre_2\"><\/span>Chambre 2<span class=\"ez-toc-section-end\"><\/span><\/h2>\n\n\n\n<div class=\"wp-block-columns is-layout-flex wp-container-core-columns-is-layout-9d6595d7 wp-block-columns-is-layout-flex\">\n<div class=\"wp-block-column is-layout-flow wp-block-column-is-layout-flow\">\n<figure class=\"wp-block-image size-large\"><img loading=\"lazy\" decoding=\"async\" width=\"768\" height=\"1024\" src=\"https:\/\/residence-les-flots-bleus.fr\/wp-content\/uploads\/2024\/01\/IMG_5106-768x1024.jpg\" alt=\"\" class=\"wp-image-419\" srcset=\"https:\/\/residence-les-flots-bleus.fr\/wp-content\/uploads\/2024\/01\/IMG_5106-768x1024.jpg 768w, https:\/\/residence-les-flots-bleus.fr\/wp-content\/uploads\/2024\/01\/IMG_5106-225x300.jpg 225w, https:\/\/residence-les-flots-bleus.fr\/wp-content\/uploads\/2024\/01\/IMG_5106-1152x1536.jpg 1152w, https:\/\/residence-les-flots-bleus.fr\/wp-content\/uploads\/2024\/01\/IMG_5106-1536x2048.jpg 1536w, https:\/\/residence-les-flots-bleus.fr\/wp-content\/uploads\/2024\/01\/IMG_5106-scaled.jpg 1920w\" sizes=\"(max-width: 767px) 89vw, (max-width: 1000px) 54vw, (max-width: 1071px) 543px, 580px\" \/><\/figure>\n<\/div>\n\n\n\n<div class=\"wp-block-column is-layout-flow wp-block-column-is-layout-flow\">\n<ul class=\"wp-block-list\">\n<li>Lit double<\/li>\n\n\n\n<li>Draps et couvertures fournis<\/li>\n\n\n\n<li>Terrasse avec vue sur la mer<\/li>\n\n\n\n<li>T\u00e9l\u00e9vision<\/li>\n<\/ul>\n<\/div>\n<\/div>\n\n\n\n<h2 class=\"wp-block-heading\"><span class=\"ez-toc-section\" id=\"La_salle_deau\"><\/span>La salle d&rsquo;eau<span class=\"ez-toc-section-end\"><\/span><\/h2>\n\n\n\n<div class=\"wp-block-columns is-layout-flex wp-container-core-columns-is-layout-9d6595d7 wp-block-columns-is-layout-flex\">\n<div class=\"wp-block-column is-layout-flow wp-block-column-is-layout-flow\">\n<ul class=\"wp-block-list\">\n<li>Douche<\/li>\n\n\n\n<li>Lavabo<\/li>\n\n\n\n<li>WC<\/li>\n\n\n\n<li>Serviettes de bain<\/li>\n\n\n\n<li>S\u00e8che-cheveux<\/li>\n<\/ul>\n<\/div>\n\n\n\n<div class=\"wp-block-column is-layout-flow wp-block-column-is-layout-flow\"><div class=\"wp-block-image\">\n<figure class=\"aligncenter size-large\"><img loading=\"lazy\" decoding=\"async\" width=\"1024\" height=\"768\" src=\"https:\/\/residence-les-flots-bleus.fr\/wp-content\/uploads\/2023\/05\/IMG_4731-1024x768.jpg\" alt=\"\" class=\"wp-image-317\" srcset=\"https:\/\/residence-les-flots-bleus.fr\/wp-content\/uploads\/2023\/05\/IMG_4731-1024x768.jpg 1024w, https:\/\/residence-les-flots-bleus.fr\/wp-content\/uploads\/2023\/05\/IMG_4731-300x225.jpg 300w, https:\/\/residence-les-flots-bleus.fr\/wp-content\/uploads\/2023\/05\/IMG_4731-768x576.jpg 768w, https:\/\/residence-les-flots-bleus.fr\/wp-content\/uploads\/2023\/05\/IMG_4731-1536x1152.jpg 1536w, https:\/\/residence-les-flots-bleus.fr\/wp-content\/uploads\/2023\/05\/IMG_4731-2048x1536.jpg 2048w\" sizes=\"(max-width: 767px) 89vw, (max-width: 1000px) 54vw, (max-width: 1071px) 543px, 580px\" \/><\/figure><\/div><\/div>\n<\/div>\n\n\n\n<h2 class=\"wp-block-heading\"><span class=\"ez-toc-section\" id=\"La_salle_de_bain\"><\/span>La salle de bain<span class=\"ez-toc-section-end\"><\/span><\/h2>\n\n\n\n<div class=\"wp-block-columns is-layout-flex wp-container-core-columns-is-layout-9d6595d7 wp-block-columns-is-layout-flex\">\n<div class=\"wp-block-column is-layout-flow wp-block-column-is-layout-flow\">\n<figure class=\"wp-block-image size-large\"><img loading=\"lazy\" decoding=\"async\" width=\"768\" height=\"1024\" src=\"https:\/\/residence-les-flots-bleus.fr\/wp-content\/uploads\/2023\/05\/IMG_4725-768x1024.jpg\" alt=\"\" class=\"wp-image-312\" srcset=\"https:\/\/residence-les-flots-bleus.fr\/wp-content\/uploads\/2023\/05\/IMG_4725-768x1024.jpg 768w, https:\/\/residence-les-flots-bleus.fr\/wp-content\/uploads\/2023\/05\/IMG_4725-225x300.jpg 225w, https:\/\/residence-les-flots-bleus.fr\/wp-content\/uploads\/2023\/05\/IMG_4725-1152x1536.jpg 1152w, https:\/\/residence-les-flots-bleus.fr\/wp-content\/uploads\/2023\/05\/IMG_4725-1536x2048.jpg 1536w, https:\/\/residence-les-flots-bleus.fr\/wp-content\/uploads\/2023\/05\/IMG_4725-scaled.jpg 1920w\" sizes=\"(max-width: 767px) 89vw, (max-width: 1000px) 54vw, (max-width: 1071px) 543px, 580px\" \/><\/figure>\n<\/div>\n\n\n\n<div class=\"wp-block-column is-layout-flow wp-block-column-is-layout-flow\">\n<ul class=\"wp-block-list\">\n<li>1 baignoire<\/li>\n\n\n\n<li>1 lavabo<\/li>\n\n\n\n<li>Serviettes de bain<\/li>\n\n\n\n<li>S\u00e8che-cheveux<\/li>\n\n\n\n<li>1 WC s\u00e9par\u00e9<\/li>\n<\/ul>\n<\/div>\n<\/div>\n\n\n\n<h2 class=\"wp-block-heading\"><span class=\"ez-toc-section\" id=\"Les_terrasses\"><\/span>Les terrasses<span class=\"ez-toc-section-end\"><\/span><\/h2>\n\n\n\n<div class=\"wp-block-columns is-layout-flex wp-container-core-columns-is-layout-9d6595d7 wp-block-columns-is-layout-flex\">\n<div class=\"wp-block-column is-layout-flow wp-block-column-is-layout-flow\">\n<ul class=\"wp-block-list\">\n<li>Chaque pi\u00e8ce poss\u00e8de une terrasse<\/li>\n\n\n\n<li>1 barbecue \u00e0 gaz est disponible sur la terrasse de la salle \u00e0 manger<\/li>\n<\/ul>\n<\/div>\n\n\n\n<div class=\"wp-block-column is-layout-flow wp-block-column-is-layout-flow\">\n<figure class=\"wp-block-image size-large\"><img loading=\"lazy\" decoding=\"async\" width=\"1024\" height=\"766\" src=\"https:\/\/residence-les-flots-bleus.fr\/wp-content\/uploads\/2023\/05\/IMG_20230504_152303-1024x766.jpg\" alt=\"\" class=\"wp-image-346\" srcset=\"https:\/\/residence-les-flots-bleus.fr\/wp-content\/uploads\/2023\/05\/IMG_20230504_152303-1024x766.jpg 1024w, https:\/\/residence-les-flots-bleus.fr\/wp-content\/uploads\/2023\/05\/IMG_20230504_152303-300x224.jpg 300w, https:\/\/residence-les-flots-bleus.fr\/wp-content\/uploads\/2023\/05\/IMG_20230504_152303-768x574.jpg 768w, https:\/\/residence-les-flots-bleus.fr\/wp-content\/uploads\/2023\/05\/IMG_20230504_152303-1536x1149.jpg 1536w, https:\/\/residence-les-flots-bleus.fr\/wp-content\/uploads\/2023\/05\/IMG_20230504_152303-2048x1532.jpg 2048w\" sizes=\"(max-width: 767px) 89vw, (max-width: 1000px) 54vw, (max-width: 1071px) 543px, 580px\" \/><\/figure>\n<\/div>\n<\/div>\n\n\n\n<h2 class=\"wp-block-heading\"><span class=\"ez-toc-section\" id=\"Equipements_pour_le_linge_et_le_menage\"><\/span>Equipements pour le linge et le m\u00e9nage<span class=\"ez-toc-section-end\"><\/span><\/h2>\n\n\n\n<p>Ces \u00e9quipements sont dans l&rsquo;appartement, pas dans une buanderie.<\/p>\n\n\n\n<ul class=\"wp-block-list\">\n<li>Lave-linge<\/li>\n\n\n\n<li>Planche \u00e0 repasser<\/li>\n\n\n\n<li>Fer \u00e0 repasser<\/li>\n\n\n\n<li>Aspirateur<\/li>\n<\/ul>\n\n\n\n<h2 class=\"wp-block-heading\"><span class=\"ez-toc-section\" id=\"Divers\"><\/span>Divers<span class=\"ez-toc-section-end\"><\/span><\/h2>\n\n\n\n<ul class=\"wp-block-list\">\n<li>Wifi gratuit<\/li>\n\n\n\n<li>1 place de parking<\/li>\n<\/ul>\n","protected":false},"excerpt":{"rendered":"<p>L&rsquo;appartement a une surface de 150 m2 r\u00e9parti en 5 pi\u00e8ces (2 chambres, 1 cuisine, 1 salon, 1 salle \u00e0 manger, 1 salle de bain avec douche et WC, 1 salle avec baignoire et un WC \u00e0 part), il est climatis\u00e9. Vous trouverez tout le confort n\u00e9cessaire pour y passer un agr\u00e9able s\u00e9jour. La cuisine &hellip; <\/p>\n<p class=\"link-more\"><a href=\"https:\/\/residence-les-flots-bleus.fr\/index.php\/lappartement\/\" class=\"more-link\">Continuer la lecture<span class=\"screen-reader-text\"> de &laquo;&nbsp;L&rsquo;appartement&nbsp;&raquo;<\/span><\/a><\/p>\n","protected":false},"author":1,"featured_media":0,"parent":0,"menu_order":0,"comment_status":"closed","ping_status":"closed","template":"","meta":{"footnotes":""},"class_list":["post-291","page","type-page","status-publish","hentry"],"yoast_head":"<!-- This site is optimized with the Yoast SEO plugin v26.6 - https:\/\/yoast.com\/wordpress\/plugins\/seo\/ -->\n<title>L&#039;appartement - R\u00e9sidence Les Flots Bleus<\/title>\n<meta name=\"robots\" content=\"index, follow, max-snippet:-1, max-image-preview:large, max-video-preview:-1\" \/>\n<link rel=\"canonical\" href=\"https:\/\/residence-les-flots-bleus.fr\/index.php\/lappartement\/\" \/>\n<meta property=\"og:locale\" content=\"fr_FR\" \/>\n<meta property=\"og:type\" content=\"article\" \/>\n<meta property=\"og:title\" content=\"L&#039;appartement - R\u00e9sidence Les Flots Bleus\" \/>\n<meta property=\"og:description\" content=\"L&rsquo;appartement a une surface de 150 m2 r\u00e9parti en 5 pi\u00e8ces (2 chambres, 1 cuisine, 1 salon, 1 salle \u00e0 manger, 1 salle de bain avec douche et WC, 1 salle avec baignoire et un WC \u00e0 part), il est climatis\u00e9. Vous trouverez tout le confort n\u00e9cessaire pour y passer un agr\u00e9able s\u00e9jour. La cuisine &hellip; Continuer la lecture de &laquo;&nbsp;L&rsquo;appartement&nbsp;&raquo;\" \/>\n<meta property=\"og:url\" content=\"https:\/\/residence-les-flots-bleus.fr\/index.php\/lappartement\/\" \/>\n<meta property=\"og:site_name\" content=\"R\u00e9sidence Les Flots Bleus\" \/>\n<meta property=\"article:modified_time\" content=\"2024-01-03T15:09:32+00:00\" \/>\n<meta property=\"og:image\" content=\"https:\/\/residence-les-flots-bleus.fr\/wp-content\/uploads\/2023\/05\/IMG_20230504_151929-1024x766.jpg\" \/>\n<meta name=\"twitter:card\" content=\"summary_large_image\" \/>\n<meta name=\"twitter:label1\" content=\"Dur\u00e9e de lecture estim\u00e9e\" \/>\n\t<meta name=\"twitter:data1\" content=\"3 minutes\" \/>\n<script type=\"application\/ld+json\" class=\"yoast-schema-graph\">{\"@context\":\"https:\/\/schema.org\",\"@graph\":[{\"@type\":\"WebPage\",\"@id\":\"https:\/\/residence-les-flots-bleus.fr\/index.php\/lappartement\/\",\"url\":\"https:\/\/residence-les-flots-bleus.fr\/index.php\/lappartement\/\",\"name\":\"L'appartement - R\u00e9sidence Les Flots Bleus\",\"isPartOf\":{\"@id\":\"https:\/\/residence-les-flots-bleus.fr\/#website\"},\"primaryImageOfPage\":{\"@id\":\"https:\/\/residence-les-flots-bleus.fr\/index.php\/lappartement\/#primaryimage\"},\"image\":{\"@id\":\"https:\/\/residence-les-flots-bleus.fr\/index.php\/lappartement\/#primaryimage\"},\"thumbnailUrl\":\"https:\/\/residence-les-flots-bleus.fr\/wp-content\/uploads\/2023\/05\/IMG_20230504_151929-1024x766.jpg\",\"datePublished\":\"2023-05-16T09:09:18+00:00\",\"dateModified\":\"2024-01-03T15:09:32+00:00\",\"breadcrumb\":{\"@id\":\"https:\/\/residence-les-flots-bleus.fr\/index.php\/lappartement\/#breadcrumb\"},\"inLanguage\":\"fr-FR\",\"potentialAction\":[{\"@type\":\"ReadAction\",\"target\":[\"https:\/\/residence-les-flots-bleus.fr\/index.php\/lappartement\/\"]}]},{\"@type\":\"ImageObject\",\"inLanguage\":\"fr-FR\",\"@id\":\"https:\/\/residence-les-flots-bleus.fr\/index.php\/lappartement\/#primaryimage\",\"url\":\"https:\/\/residence-les-flots-bleus.fr\/wp-content\/uploads\/2023\/05\/IMG_20230504_151929-scaled.jpg\",\"contentUrl\":\"https:\/\/residence-les-flots-bleus.fr\/wp-content\/uploads\/2023\/05\/IMG_20230504_151929-scaled.jpg\",\"width\":2560,\"height\":1915},{\"@type\":\"BreadcrumbList\",\"@id\":\"https:\/\/residence-les-flots-bleus.fr\/index.php\/lappartement\/#breadcrumb\",\"itemListElement\":[{\"@type\":\"ListItem\",\"position\":1,\"name\":\"Accueil\",\"item\":\"https:\/\/residence-les-flots-bleus.fr\/\"},{\"@type\":\"ListItem\",\"position\":2,\"name\":\"L&rsquo;appartement\"}]},{\"@type\":\"WebSite\",\"@id\":\"https:\/\/residence-les-flots-bleus.fr\/#website\",\"url\":\"https:\/\/residence-les-flots-bleus.fr\/\",\"name\":\"R\u00e9sidence Les Flots Bleus\",\"description\":\"Location de studios les pieds dans l&#039;eau\",\"potentialAction\":[{\"@type\":\"SearchAction\",\"target\":{\"@type\":\"EntryPoint\",\"urlTemplate\":\"https:\/\/residence-les-flots-bleus.fr\/?s={search_term_string}\"},\"query-input\":{\"@type\":\"PropertyValueSpecification\",\"valueRequired\":true,\"valueName\":\"search_term_string\"}}],\"inLanguage\":\"fr-FR\"}]}<\/script>\n<!-- \/ Yoast SEO plugin. -->","yoast_head_json":{"title":"L'appartement - R\u00e9sidence Les Flots Bleus","robots":{"index":"index","follow":"follow","max-snippet":"max-snippet:-1","max-image-preview":"max-image-preview:large","max-video-preview":"max-video-preview:-1"},"canonical":"https:\/\/residence-les-flots-bleus.fr\/index.php\/lappartement\/","og_locale":"fr_FR","og_type":"article","og_title":"L'appartement - R\u00e9sidence Les Flots Bleus","og_description":"L&rsquo;appartement a une surface de 150 m2 r\u00e9parti en 5 pi\u00e8ces (2 chambres, 1 cuisine, 1 salon, 1 salle \u00e0 manger, 1 salle de bain avec douche et WC, 1 salle avec baignoire et un WC \u00e0 part), il est climatis\u00e9. Vous trouverez tout le confort n\u00e9cessaire pour y passer un agr\u00e9able s\u00e9jour. La cuisine &hellip; Continuer la lecture de &laquo;&nbsp;L&rsquo;appartement&nbsp;&raquo;","og_url":"https:\/\/residence-les-flots-bleus.fr\/index.php\/lappartement\/","og_site_name":"R\u00e9sidence Les Flots Bleus","article_modified_time":"2024-01-03T15:09:32+00:00","og_image":[{"url":"https:\/\/residence-les-flots-bleus.fr\/wp-content\/uploads\/2023\/05\/IMG_20230504_151929-1024x766.jpg","type":"","width":"","height":""}],"twitter_card":"summary_large_image","twitter_misc":{"Dur\u00e9e de lecture estim\u00e9e":"3 minutes"},"schema":{"@context":"https:\/\/schema.org","@graph":[{"@type":"WebPage","@id":"https:\/\/residence-les-flots-bleus.fr\/index.php\/lappartement\/","url":"https:\/\/residence-les-flots-bleus.fr\/index.php\/lappartement\/","name":"L'appartement - R\u00e9sidence Les Flots Bleus","isPartOf":{"@id":"https:\/\/residence-les-flots-bleus.fr\/#website"},"primaryImageOfPage":{"@id":"https:\/\/residence-les-flots-bleus.fr\/index.php\/lappartement\/#primaryimage"},"image":{"@id":"https:\/\/residence-les-flots-bleus.fr\/index.php\/lappartement\/#primaryimage"},"thumbnailUrl":"https:\/\/residence-les-flots-bleus.fr\/wp-content\/uploads\/2023\/05\/IMG_20230504_151929-1024x766.jpg","datePublished":"2023-05-16T09:09:18+00:00","dateModified":"2024-01-03T15:09:32+00:00","breadcrumb":{"@id":"https:\/\/residence-les-flots-bleus.fr\/index.php\/lappartement\/#breadcrumb"},"inLanguage":"fr-FR","potentialAction":[{"@type":"ReadAction","target":["https:\/\/residence-les-flots-bleus.fr\/index.php\/lappartement\/"]}]},{"@type":"ImageObject","inLanguage":"fr-FR","@id":"https:\/\/residence-les-flots-bleus.fr\/index.php\/lappartement\/#primaryimage","url":"https:\/\/residence-les-flots-bleus.fr\/wp-content\/uploads\/2023\/05\/IMG_20230504_151929-scaled.jpg","contentUrl":"https:\/\/residence-les-flots-bleus.fr\/wp-content\/uploads\/2023\/05\/IMG_20230504_151929-scaled.jpg","width":2560,"height":1915},{"@type":"BreadcrumbList","@id":"https:\/\/residence-les-flots-bleus.fr\/index.php\/lappartement\/#breadcrumb","itemListElement":[{"@type":"ListItem","position":1,"name":"Accueil","item":"https:\/\/residence-les-flots-bleus.fr\/"},{"@type":"ListItem","position":2,"name":"L&rsquo;appartement"}]},{"@type":"WebSite","@id":"https:\/\/residence-les-flots-bleus.fr\/#website","url":"https:\/\/residence-les-flots-bleus.fr\/","name":"R\u00e9sidence Les Flots Bleus","description":"Location de studios les pieds dans l&#039;eau","potentialAction":[{"@type":"SearchAction","target":{"@type":"EntryPoint","urlTemplate":"https:\/\/residence-les-flots-bleus.fr\/?s={search_term_string}"},"query-input":{"@type":"PropertyValueSpecification","valueRequired":true,"valueName":"search_term_string"}}],"inLanguage":"fr-FR"}]}},"_links":{"self":[{"href":"https:\/\/residence-les-flots-bleus.fr\/index.php\/wp-json\/wp\/v2\/pages\/291","targetHints":{"allow":["GET"]}}],"collection":[{"href":"https:\/\/residence-les-flots-bleus.fr\/index.php\/wp-json\/wp\/v2\/pages"}],"about":[{"href":"https:\/\/residence-les-flots-bleus.fr\/index.php\/wp-json\/wp\/v2\/types\/page"}],"author":[{"embeddable":true,"href":"https:\/\/residence-les-flots-bleus.fr\/index.php\/wp-json\/wp\/v2\/users\/1"}],"replies":[{"embeddable":true,"href":"https:\/\/residence-les-flots-bleus.fr\/index.php\/wp-json\/wp\/v2\/comments?post=291"}],"version-history":[{"count":13,"href":"https:\/\/residence-les-flots-bleus.fr\/index.php\/wp-json\/wp\/v2\/pages\/291\/revisions"}],"predecessor-version":[{"id":438,"href":"https:\/\/residence-les-flots-bleus.fr\/index.php\/wp-json\/wp\/v2\/pages\/291\/revisions\/438"}],"wp:attachment":[{"href":"https:\/\/residence-les-flots-bleus.fr\/index.php\/wp-json\/wp\/v2\/media?parent=291"}],"curies":[{"name":"wp","href":"https:\/\/api.w.org\/{rel}","templated":true}]}}