{"id":144,"date":"2023-01-04T12:32:48","date_gmt":"2023-01-04T12:32:48","guid":{"rendered":"https:\/\/residence-les-flots-bleus.fr\/?page_id=144"},"modified":"2023-01-20T12:25:54","modified_gmt":"2023-01-20T12:25:54","slug":"le-site-et-ses-environs","status":"publish","type":"page","link":"https:\/\/residence-les-flots-bleus.fr\/","title":{"rendered":"Accueil"},"content":{"rendered":"\n<p>Bienvenue sur le site de la r\u00e9sidence \u00ab\u00a0Les Flots Bleus\u00a0\u00bb, vous trouverez ici toutes les informations sur les studios.<\/p>\n","protected":false},"excerpt":{"rendered":"<p>Bienvenue sur le site de la r\u00e9sidence \u00ab\u00a0Les Flots Bleus\u00a0\u00bb, vous trouverez ici toutes les informations sur les studios.<\/p>\n","protected":false},"author":1,"featured_media":0,"parent":0,"menu_order":0,"comment_status":"closed","ping_status":"closed","template":"","meta":{"footnotes":""},"class_list":["post-144","page","type-page","status-publish","hentry"],"yoast_head":"<!-- This site is optimized with the Yoast SEO plugin v26.6 - https:\/\/yoast.com\/wordpress\/plugins\/seo\/ -->\n<title>R\u00e9sidence Les Flots Bleus - Location de studios en Corse<\/title>\n<meta name=\"description\" content=\"R\u00e9sidence Les Flots Bleus \u00e0 Tiuccia - Location de studios tout confort en Corse, les pieds dans l&#039;eau, proche d&#039;Ajaccio.\" \/>\n<meta name=\"robots\" content=\"index, follow, max-snippet:-1, max-image-preview:large, max-video-preview:-1\" \/>\n<link rel=\"canonical\" href=\"https:\/\/residence-les-flots-bleus.fr\/\" \/>\n<meta property=\"og:locale\" content=\"fr_FR\" \/>\n<meta property=\"og:type\" content=\"article\" \/>\n<meta property=\"og:title\" content=\"R\u00e9sidence Les Flots Bleus - Location de studios en Corse\" \/>\n<meta property=\"og:description\" content=\"R\u00e9sidence Les Flots Bleus \u00e0 Tiuccia - Location de studios tout confort en Corse, les pieds dans l&#039;eau, proche d&#039;Ajaccio.\" \/>\n<meta property=\"og:url\" content=\"https:\/\/residence-les-flots-bleus.fr\/\" \/>\n<meta property=\"og:site_name\" content=\"R\u00e9sidence Les Flots Bleus\" \/>\n<meta property=\"article:modified_time\" content=\"2023-01-20T12:25:54+00:00\" \/>\n<meta name=\"twitter:card\" content=\"summary_large_image\" \/>\n<meta name=\"twitter:label1\" content=\"Dur\u00e9e de lecture estim\u00e9e\" \/>\n\t<meta name=\"twitter:data1\" content=\"1 minute\" \/>\n<script type=\"application\/ld+json\" class=\"yoast-schema-graph\">{\"@context\":\"https:\/\/schema.org\",\"@graph\":[{\"@type\":\"WebPage\",\"@id\":\"https:\/\/residence-les-flots-bleus.fr\/\",\"url\":\"https:\/\/residence-les-flots-bleus.fr\/\",\"name\":\"R\u00e9sidence Les Flots Bleus - Location de studios en Corse\",\"isPartOf\":{\"@id\":\"https:\/\/residence-les-flots-bleus.fr\/#website\"},\"datePublished\":\"2023-01-04T12:32:48+00:00\",\"dateModified\":\"2023-01-20T12:25:54+00:00\",\"description\":\"R\u00e9sidence Les Flots Bleus \u00e0 Tiuccia - Location de studios tout confort en Corse, les pieds dans l'eau, proche d'Ajaccio.\",\"breadcrumb\":{\"@id\":\"https:\/\/residence-les-flots-bleus.fr\/#breadcrumb\"},\"inLanguage\":\"fr-FR\",\"potentialAction\":[{\"@type\":\"ReadAction\",\"target\":[\"https:\/\/residence-les-flots-bleus.fr\/\"]}]},{\"@type\":\"BreadcrumbList\",\"@id\":\"https:\/\/residence-les-flots-bleus.fr\/#breadcrumb\",\"itemListElement\":[{\"@type\":\"ListItem\",\"position\":1,\"name\":\"Accueil\",\"item\":\"https:\/\/residence-les-flots-bleus.fr\/\"},{\"@type\":\"ListItem\",\"position\":2,\"name\":\"Accueil\"}]},{\"@type\":\"WebSite\",\"@id\":\"https:\/\/residence-les-flots-bleus.fr\/#website\",\"url\":\"https:\/\/residence-les-flots-bleus.fr\/\",\"name\":\"R\u00e9sidence Les Flots Bleus\",\"description\":\"Location de studios les pieds dans l&#039;eau\",\"potentialAction\":[{\"@type\":\"SearchAction\",\"target\":{\"@type\":\"EntryPoint\",\"urlTemplate\":\"https:\/\/residence-les-flots-bleus.fr\/?s={search_term_string}\"},\"query-input\":{\"@type\":\"PropertyValueSpecification\",\"valueRequired\":true,\"valueName\":\"search_term_string\"}}],\"inLanguage\":\"fr-FR\"}]}<\/script>\n<!-- \/ Yoast SEO plugin. -->","yoast_head_json":{"title":"R\u00e9sidence Les Flots Bleus - Location de studios en Corse","description":"R\u00e9sidence Les Flots Bleus \u00e0 Tiuccia - Location de studios tout confort en Corse, les pieds dans l'eau, proche d'Ajaccio.","robots":{"index":"index","follow":"follow","max-snippet":"max-snippet:-1","max-image-preview":"max-image-preview:large","max-video-preview":"max-video-preview:-1"},"canonical":"https:\/\/residence-les-flots-bleus.fr\/","og_locale":"fr_FR","og_type":"article","og_title":"R\u00e9sidence Les Flots Bleus - Location de studios en Corse","og_description":"R\u00e9sidence Les Flots Bleus \u00e0 Tiuccia - Location de studios tout confort en Corse, les pieds dans l'eau, proche d'Ajaccio.","og_url":"https:\/\/residence-les-flots-bleus.fr\/","og_site_name":"R\u00e9sidence Les Flots Bleus","article_modified_time":"2023-01-20T12:25:54+00:00","twitter_card":"summary_large_image","twitter_misc":{"Dur\u00e9e de lecture estim\u00e9e":"1 minute"},"schema":{"@context":"https:\/\/schema.org","@graph":[{"@type":"WebPage","@id":"https:\/\/residence-les-flots-bleus.fr\/","url":"https:\/\/residence-les-flots-bleus.fr\/","name":"R\u00e9sidence Les Flots Bleus - Location de studios en Corse","isPartOf":{"@id":"https:\/\/residence-les-flots-bleus.fr\/#website"},"datePublished":"2023-01-04T12:32:48+00:00","dateModified":"2023-01-20T12:25:54+00:00","description":"R\u00e9sidence Les Flots Bleus \u00e0 Tiuccia - Location de studios tout confort en Corse, les pieds dans l'eau, proche d'Ajaccio.","breadcrumb":{"@id":"https:\/\/residence-les-flots-bleus.fr\/#breadcrumb"},"inLanguage":"fr-FR","potentialAction":[{"@type":"ReadAction","target":["https:\/\/residence-les-flots-bleus.fr\/"]}]},{"@type":"BreadcrumbList","@id":"https:\/\/residence-les-flots-bleus.fr\/#breadcrumb","itemListElement":[{"@type":"ListItem","position":1,"name":"Accueil","item":"https:\/\/residence-les-flots-bleus.fr\/"},{"@type":"ListItem","position":2,"name":"Accueil"}]},{"@type":"WebSite","@id":"https:\/\/residence-les-flots-bleus.fr\/#website","url":"https:\/\/residence-les-flots-bleus.fr\/","name":"R\u00e9sidence Les Flots Bleus","description":"Location de studios les pieds dans l&#039;eau","potentialAction":[{"@type":"SearchAction","target":{"@type":"EntryPoint","urlTemplate":"https:\/\/residence-les-flots-bleus.fr\/?s={search_term_string}"},"query-input":{"@type":"PropertyValueSpecification","valueRequired":true,"valueName":"search_term_string"}}],"inLanguage":"fr-FR"}]}},"_links":{"self":[{"href":"https:\/\/residence-les-flots-bleus.fr\/index.php\/wp-json\/wp\/v2\/pages\/144","targetHints":{"allow":["GET"]}}],"collection":[{"href":"https:\/\/residence-les-flots-bleus.fr\/index.php\/wp-json\/wp\/v2\/pages"}],"about":[{"href":"https:\/\/residence-les-flots-bleus.fr\/index.php\/wp-json\/wp\/v2\/types\/page"}],"author":[{"embeddable":true,"href":"https:\/\/residence-les-flots-bleus.fr\/index.php\/wp-json\/wp\/v2\/users\/1"}],"replies":[{"embeddable":true,"href":"https:\/\/residence-les-flots-bleus.fr\/index.php\/wp-json\/wp\/v2\/comments?post=144"}],"version-history":[{"count":5,"href":"https:\/\/residence-les-flots-bleus.fr\/index.php\/wp-json\/wp\/v2\/pages\/144\/revisions"}],"predecessor-version":[{"id":270,"href":"https:\/\/residence-les-flots-bleus.fr\/index.php\/wp-json\/wp\/v2\/pages\/144\/revisions\/270"}],"wp:attachment":[{"href":"https:\/\/residence-les-flots-bleus.fr\/index.php\/wp-json\/wp\/v2\/media?parent=144"}],"curies":[{"name":"wp","href":"https:\/\/api.w.org\/{rel}","templated":true}]}}