{"id":12,"date":"2023-01-01T17:10:51","date_gmt":"2023-01-01T17:10:51","guid":{"rendered":"https:\/\/residence-les-flots-bleus.fr\/?page_id=12"},"modified":"2024-01-04T13:52:14","modified_gmt":"2024-01-04T13:52:14","slug":"videos","status":"publish","type":"page","link":"https:\/\/residence-les-flots-bleus.fr\/index.php\/videos\/","title":{"rendered":"Vid\u00e9os"},"content":{"rendered":"\n<div id=\"ez-toc-container\" class=\"ez-toc-v2_0_79_2 counter-hierarchy ez-toc-counter ez-toc-grey ez-toc-container-direction\">\n<div class=\"ez-toc-title-container\">\n<p class=\"ez-toc-title\" style=\"cursor:inherit\">Sommaire<\/p>\n<span class=\"ez-toc-title-toggle\"><a href=\"#\" class=\"ez-toc-pull-right ez-toc-btn ez-toc-btn-xs ez-toc-btn-default ez-toc-toggle\" aria-label=\"Toggle Table of Content\"><span class=\"ez-toc-js-icon-con\"><span class=\"\"><span class=\"eztoc-hide\" style=\"display:none;\">Toggle<\/span><span class=\"ez-toc-icon-toggle-span\"><svg style=\"fill: #999;color:#999\" xmlns=\"http:\/\/www.w3.org\/2000\/svg\" class=\"list-377408\" width=\"20px\" height=\"20px\" viewBox=\"0 0 24 24\" fill=\"none\"><path d=\"M6 6H4v2h2V6zm14 0H8v2h12V6zM4 11h2v2H4v-2zm16 0H8v2h12v-2zM4 16h2v2H4v-2zm16 0H8v2h12v-2z\" fill=\"currentColor\"><\/path><\/svg><svg style=\"fill: #999;color:#999\" class=\"arrow-unsorted-368013\" xmlns=\"http:\/\/www.w3.org\/2000\/svg\" width=\"10px\" height=\"10px\" viewBox=\"0 0 24 24\" version=\"1.2\" baseProfile=\"tiny\"><path d=\"M18.2 9.3l-6.2-6.3-6.2 6.3c-.2.2-.3.4-.3.7s.1.5.3.7c.2.2.4.3.7.3h11c.3 0 .5-.1.7-.3.2-.2.3-.5.3-.7s-.1-.5-.3-.7zM5.8 14.7l6.2 6.3 6.2-6.3c.2-.2.3-.5.3-.7s-.1-.5-.3-.7c-.2-.2-.4-.3-.7-.3h-11c-.3 0-.5.1-.7.3-.2.2-.3.5-.3.7s.1.5.3.7z\"\/><\/svg><\/span><\/span><\/span><\/a><\/span><\/div>\n<nav><ul class='ez-toc-list ez-toc-list-level-1 ' ><li class='ez-toc-page-1 ez-toc-heading-level-2'><a class=\"ez-toc-link ez-toc-heading-1\" href=\"https:\/\/residence-les-flots-bleus.fr\/index.php\/videos\/#Le_site\" >Le site<\/a><\/li><li class='ez-toc-page-1 ez-toc-heading-level-2'><a class=\"ez-toc-link ez-toc-heading-2\" href=\"https:\/\/residence-les-flots-bleus.fr\/index.php\/videos\/#Lappartement\" >L&rsquo;appartement<\/a><ul class='ez-toc-list-level-3' ><li class='ez-toc-heading-level-3'><a class=\"ez-toc-link ez-toc-heading-3\" href=\"https:\/\/residence-les-flots-bleus.fr\/index.php\/videos\/#Le_salonsalle_a_manger\" >Le salon\/salle \u00e0 manger<\/a><\/li><li class='ez-toc-page-1 ez-toc-heading-level-3'><a class=\"ez-toc-link ez-toc-heading-4\" href=\"https:\/\/residence-les-flots-bleus.fr\/index.php\/videos\/#La_cuisine\" >La cuisine<\/a><\/li><li class='ez-toc-page-1 ez-toc-heading-level-3'><a class=\"ez-toc-link ez-toc-heading-5\" href=\"https:\/\/residence-les-flots-bleus.fr\/index.php\/videos\/#Chambre_1\" >Chambre 1<\/a><\/li><li class='ez-toc-page-1 ez-toc-heading-level-3'><a class=\"ez-toc-link ez-toc-heading-6\" href=\"https:\/\/residence-les-flots-bleus.fr\/index.php\/videos\/#Chambre_2\" >Chambre 2<\/a><\/li><li class='ez-toc-page-1 ez-toc-heading-level-3'><a class=\"ez-toc-link ez-toc-heading-7\" href=\"https:\/\/residence-les-flots-bleus.fr\/index.php\/videos\/#Le_jardin\" >Le jardin<\/a><\/li><\/ul><\/li><\/ul><\/nav><\/div>\n<h2 class=\"wp-block-heading\"><span class=\"ez-toc-section\" id=\"Le_site\"><\/span>Le site<span class=\"ez-toc-section-end\"><\/span><\/h2>\n\n\n\n<figure class=\"wp-block-embed is-type-video is-provider-youtube wp-block-embed-youtube wp-embed-aspect-16-9 wp-has-aspect-ratio\"><div class=\"wp-block-embed__wrapper\">\n<iframe title=\"R\u00e9sidence &quot;Les flots bleus&quot; \u00e0 Tiuccia\" width=\"525\" height=\"295\" src=\"https:\/\/www.youtube.com\/embed\/-_a3i7zHaww?feature=oembed\" frameborder=\"0\" allow=\"accelerometer; autoplay; clipboard-write; encrypted-media; gyroscope; picture-in-picture; web-share\" referrerpolicy=\"strict-origin-when-cross-origin\" allowfullscreen><\/iframe>\n<\/div><\/figure>\n\n\n\n<h2 class=\"wp-block-heading\"><span class=\"ez-toc-section\" id=\"Lappartement\"><\/span>L&rsquo;appartement<span class=\"ez-toc-section-end\"><\/span><\/h2>\n\n\n\n<h3 class=\"wp-block-heading\"><span class=\"ez-toc-section\" id=\"Le_salonsalle_a_manger\"><\/span>Le salon\/salle \u00e0 manger<span class=\"ez-toc-section-end\"><\/span><\/h3>\n\n\n\n<figure class=\"wp-block-video\"><video controls src=\"https:\/\/residence-les-flots-bleus.fr\/wp-content\/uploads\/2024\/01\/IMG_5122.mov\"><\/video><\/figure>\n\n\n\n<figure class=\"wp-block-video\"><video controls src=\"https:\/\/residence-les-flots-bleus.fr\/wp-content\/uploads\/2024\/01\/IMG_5123.mov\"><\/video><\/figure>\n\n\n\n<h3 class=\"wp-block-heading\"><span class=\"ez-toc-section\" id=\"La_cuisine\"><\/span>La cuisine<span class=\"ez-toc-section-end\"><\/span><\/h3>\n\n\n\n<figure class=\"wp-block-video\"><video controls src=\"https:\/\/residence-les-flots-bleus.fr\/wp-content\/uploads\/2024\/01\/IMG_5121.mov\"><\/video><\/figure>\n\n\n\n<h3 class=\"wp-block-heading\"><span class=\"ez-toc-section\" id=\"Chambre_1\"><\/span>Chambre 1<span class=\"ez-toc-section-end\"><\/span><\/h3>\n\n\n\n<figure class=\"wp-block-video\"><video controls src=\"https:\/\/residence-les-flots-bleus.fr\/wp-content\/uploads\/2024\/01\/IMG_5116.mov\"><\/video><\/figure>\n\n\n\n<h3 class=\"wp-block-heading\"><span class=\"ez-toc-section\" id=\"Chambre_2\"><\/span>Chambre 2<span class=\"ez-toc-section-end\"><\/span><\/h3>\n\n\n\n<figure class=\"wp-block-video\"><video controls src=\"https:\/\/residence-les-flots-bleus.fr\/wp-content\/uploads\/2024\/01\/IMG_5119.mov\"><\/video><\/figure>\n\n\n\n<h3 class=\"wp-block-heading\"><span class=\"ez-toc-section\" id=\"Le_jardin\"><\/span>Le jardin<span class=\"ez-toc-section-end\"><\/span><\/h3>\n\n\n\n<figure class=\"wp-block-video\"><video controls src=\"https:\/\/residence-les-flots-bleus.fr\/wp-content\/uploads\/2024\/01\/IMG_5127.mov\"><\/video><\/figure>\n","protected":false},"excerpt":{"rendered":"<p>Le site L&rsquo;appartement Le salon\/salle \u00e0 manger La cuisine Chambre 1 Chambre 2 Le jardin<\/p>\n","protected":false},"author":1,"featured_media":0,"parent":0,"menu_order":0,"comment_status":"closed","ping_status":"closed","template":"","meta":{"footnotes":""},"class_list":["post-12","page","type-page","status-publish","hentry"],"yoast_head":"<!-- This site is optimized with the Yoast SEO plugin v26.6 - https:\/\/yoast.com\/wordpress\/plugins\/seo\/ -->\n<title>R\u00e9sidence Les Flots Bleus - Location de studios en Corse<\/title>\n<meta name=\"description\" content=\"R\u00e9sidence Les Flots Bleus \u00e0 Tiuccia - Location de studios tout confort en Corse, les pieds dans l&#039;eau, proche d&#039;Ajaccio\" \/>\n<meta name=\"robots\" content=\"index, follow, max-snippet:-1, max-image-preview:large, max-video-preview:-1\" \/>\n<link rel=\"canonical\" href=\"https:\/\/residence-les-flots-bleus.fr\/index.php\/videos\/\" \/>\n<meta property=\"og:locale\" content=\"fr_FR\" \/>\n<meta property=\"og:type\" content=\"article\" \/>\n<meta property=\"og:title\" content=\"R\u00e9sidence Les Flots Bleus - Location de studios en Corse\" \/>\n<meta property=\"og:description\" content=\"R\u00e9sidence Les Flots Bleus \u00e0 Tiuccia - Location de studios tout confort en Corse, les pieds dans l&#039;eau, proche d&#039;Ajaccio\" \/>\n<meta property=\"og:url\" content=\"https:\/\/residence-les-flots-bleus.fr\/index.php\/videos\/\" \/>\n<meta property=\"og:site_name\" content=\"R\u00e9sidence Les Flots Bleus\" \/>\n<meta property=\"article:modified_time\" content=\"2024-01-04T13:52:14+00:00\" \/>\n<meta name=\"twitter:card\" content=\"summary_large_image\" \/>\n<meta name=\"twitter:label1\" content=\"Dur\u00e9e de lecture estim\u00e9e\" \/>\n\t<meta name=\"twitter:data1\" content=\"1 minute\" \/>\n<script type=\"application\/ld+json\" class=\"yoast-schema-graph\">{\"@context\":\"https:\/\/schema.org\",\"@graph\":[{\"@type\":\"WebPage\",\"@id\":\"https:\/\/residence-les-flots-bleus.fr\/index.php\/videos\/\",\"url\":\"https:\/\/residence-les-flots-bleus.fr\/index.php\/videos\/\",\"name\":\"R\u00e9sidence Les Flots Bleus - Location de studios en Corse\",\"isPartOf\":{\"@id\":\"https:\/\/residence-les-flots-bleus.fr\/#website\"},\"datePublished\":\"2023-01-01T17:10:51+00:00\",\"dateModified\":\"2024-01-04T13:52:14+00:00\",\"description\":\"R\u00e9sidence Les Flots Bleus \u00e0 Tiuccia - Location de studios tout confort en Corse, les pieds dans l'eau, proche d'Ajaccio\",\"breadcrumb\":{\"@id\":\"https:\/\/residence-les-flots-bleus.fr\/index.php\/videos\/#breadcrumb\"},\"inLanguage\":\"fr-FR\",\"potentialAction\":[{\"@type\":\"ReadAction\",\"target\":[\"https:\/\/residence-les-flots-bleus.fr\/index.php\/videos\/\"]}]},{\"@type\":\"BreadcrumbList\",\"@id\":\"https:\/\/residence-les-flots-bleus.fr\/index.php\/videos\/#breadcrumb\",\"itemListElement\":[{\"@type\":\"ListItem\",\"position\":1,\"name\":\"Accueil\",\"item\":\"https:\/\/residence-les-flots-bleus.fr\/\"},{\"@type\":\"ListItem\",\"position\":2,\"name\":\"Vid\u00e9os\"}]},{\"@type\":\"WebSite\",\"@id\":\"https:\/\/residence-les-flots-bleus.fr\/#website\",\"url\":\"https:\/\/residence-les-flots-bleus.fr\/\",\"name\":\"R\u00e9sidence Les Flots Bleus\",\"description\":\"Location de studios les pieds dans l&#039;eau\",\"potentialAction\":[{\"@type\":\"SearchAction\",\"target\":{\"@type\":\"EntryPoint\",\"urlTemplate\":\"https:\/\/residence-les-flots-bleus.fr\/?s={search_term_string}\"},\"query-input\":{\"@type\":\"PropertyValueSpecification\",\"valueRequired\":true,\"valueName\":\"search_term_string\"}}],\"inLanguage\":\"fr-FR\"}]}<\/script>\n<!-- \/ Yoast SEO plugin. -->","yoast_head_json":{"title":"R\u00e9sidence Les Flots Bleus - Location de studios en Corse","description":"R\u00e9sidence Les Flots Bleus \u00e0 Tiuccia - Location de studios tout confort en Corse, les pieds dans l'eau, proche d'Ajaccio","robots":{"index":"index","follow":"follow","max-snippet":"max-snippet:-1","max-image-preview":"max-image-preview:large","max-video-preview":"max-video-preview:-1"},"canonical":"https:\/\/residence-les-flots-bleus.fr\/index.php\/videos\/","og_locale":"fr_FR","og_type":"article","og_title":"R\u00e9sidence Les Flots Bleus - Location de studios en Corse","og_description":"R\u00e9sidence Les Flots Bleus \u00e0 Tiuccia - Location de studios tout confort en Corse, les pieds dans l'eau, proche d'Ajaccio","og_url":"https:\/\/residence-les-flots-bleus.fr\/index.php\/videos\/","og_site_name":"R\u00e9sidence Les Flots Bleus","article_modified_time":"2024-01-04T13:52:14+00:00","twitter_card":"summary_large_image","twitter_misc":{"Dur\u00e9e de lecture estim\u00e9e":"1 minute"},"schema":{"@context":"https:\/\/schema.org","@graph":[{"@type":"WebPage","@id":"https:\/\/residence-les-flots-bleus.fr\/index.php\/videos\/","url":"https:\/\/residence-les-flots-bleus.fr\/index.php\/videos\/","name":"R\u00e9sidence Les Flots Bleus - Location de studios en Corse","isPartOf":{"@id":"https:\/\/residence-les-flots-bleus.fr\/#website"},"datePublished":"2023-01-01T17:10:51+00:00","dateModified":"2024-01-04T13:52:14+00:00","description":"R\u00e9sidence Les Flots Bleus \u00e0 Tiuccia - Location de studios tout confort en Corse, les pieds dans l'eau, proche d'Ajaccio","breadcrumb":{"@id":"https:\/\/residence-les-flots-bleus.fr\/index.php\/videos\/#breadcrumb"},"inLanguage":"fr-FR","potentialAction":[{"@type":"ReadAction","target":["https:\/\/residence-les-flots-bleus.fr\/index.php\/videos\/"]}]},{"@type":"BreadcrumbList","@id":"https:\/\/residence-les-flots-bleus.fr\/index.php\/videos\/#breadcrumb","itemListElement":[{"@type":"ListItem","position":1,"name":"Accueil","item":"https:\/\/residence-les-flots-bleus.fr\/"},{"@type":"ListItem","position":2,"name":"Vid\u00e9os"}]},{"@type":"WebSite","@id":"https:\/\/residence-les-flots-bleus.fr\/#website","url":"https:\/\/residence-les-flots-bleus.fr\/","name":"R\u00e9sidence Les Flots Bleus","description":"Location de studios les pieds dans l&#039;eau","potentialAction":[{"@type":"SearchAction","target":{"@type":"EntryPoint","urlTemplate":"https:\/\/residence-les-flots-bleus.fr\/?s={search_term_string}"},"query-input":{"@type":"PropertyValueSpecification","valueRequired":true,"valueName":"search_term_string"}}],"inLanguage":"fr-FR"}]}},"_links":{"self":[{"href":"https:\/\/residence-les-flots-bleus.fr\/index.php\/wp-json\/wp\/v2\/pages\/12","targetHints":{"allow":["GET"]}}],"collection":[{"href":"https:\/\/residence-les-flots-bleus.fr\/index.php\/wp-json\/wp\/v2\/pages"}],"about":[{"href":"https:\/\/residence-les-flots-bleus.fr\/index.php\/wp-json\/wp\/v2\/types\/page"}],"author":[{"embeddable":true,"href":"https:\/\/residence-les-flots-bleus.fr\/index.php\/wp-json\/wp\/v2\/users\/1"}],"replies":[{"embeddable":true,"href":"https:\/\/residence-les-flots-bleus.fr\/index.php\/wp-json\/wp\/v2\/comments?post=12"}],"version-history":[{"count":18,"href":"https:\/\/residence-les-flots-bleus.fr\/index.php\/wp-json\/wp\/v2\/pages\/12\/revisions"}],"predecessor-version":[{"id":465,"href":"https:\/\/residence-les-flots-bleus.fr\/index.php\/wp-json\/wp\/v2\/pages\/12\/revisions\/465"}],"wp:attachment":[{"href":"https:\/\/residence-les-flots-bleus.fr\/index.php\/wp-json\/wp\/v2\/media?parent=12"}],"curies":[{"name":"wp","href":"https:\/\/api.w.org\/{rel}","templated":true}]}}

Vidéos

<div id="ez-toc-container" class="ez-toc-v2_0_79_2 counter-hierarchy ez-toc-counter ez-toc-grey ez-toc-container-direction">
<div class="ez-toc-title-container">
<p class="ez-toc-title" style="cursor:inherit">Sommaire</p>
<span class="ez-toc-title-toggle"><a href="#" class="ez-toc-pull-right ez-toc-btn ez-toc-btn-xs ez-toc-btn-default ez-toc-toggle" aria-label="Toggle Table of Content"><span class="ez-toc-js-icon-con"><span class=""><span class="eztoc-hide" style="display:none;">Toggle</span><span class="ez-toc-icon-toggle-span"><svg style="fill: #999;color:#999" xmlns="http://www.w3.org/2000/svg" class="list-377408" width="20px" height="20px" viewBox="0 0 24 24" fill="none"><path d="M6 6H4v2h2V6zm14 0H8v2h12V6zM4 11h2v2H4v-2zm16 0H8v2h12v-2zM4 16h2v2H4v-2zm16 0H8v2h12v-2z" fill="currentColor"></path></svg><svg style="fill: #999;color:#999" class="arrow-unsorted-368013" xmlns="http://www.w3.org/2000/svg" width="10px" height="10px" viewBox="0 0 24 24" version="1.2" baseProfile="tiny"><path d="M18.2 9.3l-6.2-6.3-6.2 6.3c-.2.2-.3.4-.3.7s.1.5.3.7c.2.2.4.3.7.3h11c.3 0 .5-.1.7-.3.2-.2.3-.5.3-.7s-.1-.5-.3-.7zM5.8 14.7l6.2 6.3 6.2-6.3c.2-.2.3-.5.3-.7s-.1-.5-.3-.7c-.2-.2-.4-.3-.7-.3h-11c-.3 0-.5.1-.7.3-.2.2-.3.5-.3.7s.1.5.3.7z"/></svg></span></span></span></a></span></div>
<nav><ul class='ez-toc-list ez-toc-list-level-1 ' ><li class='ez-toc-page-1 ez-toc-heading-level-2'><a class="ez-toc-link ez-toc-heading-1" href="https://residence-les-flots-bleus.fr/index.php/videos/#Le_site" >Le site</a></li><li class='ez-toc-page-1 ez-toc-heading-level-2'><a class="ez-toc-link ez-toc-heading-2" href="https://residence-les-flots-bleus.fr/index.php/videos/#Lappartement" >L&rsquo;appartement</a><ul class='ez-toc-list-level-3' ><li class='ez-toc-heading-level-3'><a class="ez-toc-link ez-toc-heading-3" href="https://residence-les-flots-bleus.fr/index.php/videos/#Le_salonsalle_a_manger" >Le salon/salle à manger</a></li><li class='ez-toc-page-1 ez-toc-heading-level-3'><a class="ez-toc-link ez-toc-heading-4" href="https://residence-les-flots-bleus.fr/index.php/videos/#La_cuisine" >La cuisine</a></li><li class='ez-toc-page-1 ez-toc-heading-level-3'><a class="ez-toc-link ez-toc-heading-5" href="https://residence-les-flots-bleus.fr/index.php/videos/#Chambre_1" >Chambre 1</a></li><li class='ez-toc-page-1 ez-toc-heading-level-3'><a class="ez-toc-link ez-toc-heading-6" href="https://residence-les-flots-bleus.fr/index.php/videos/#Chambre_2" >Chambre 2</a></li><li class='ez-toc-page-1 ez-toc-heading-level-3'><a class="ez-toc-link ez-toc-heading-7" href="https://residence-les-flots-bleus.fr/index.php/videos/#Le_jardin" >Le jardin</a></li></ul></li></ul></nav></div>
<h2 class="wp-block-heading"><span class="ez-toc-section" id="Le_site"></span>Le site<span class="ez-toc-section-end"></span></h2>



<figure class="wp-block-embed is-type-video is-provider-youtube wp-block-embed-youtube wp-embed-aspect-16-9 wp-has-aspect-ratio"><div class="wp-block-embed__wrapper">
<iframe title="Résidence &quot;Les flots bleus&quot; à Tiuccia" width="525" height="295" src="https://www.youtube.com/embed/-_a3i7zHaww?feature=oembed" frameborder="0" allow="accelerometer; autoplay; clipboard-write; encrypted-media; gyroscope; picture-in-picture; web-share" referrerpolicy="strict-origin-when-cross-origin" allowfullscreen></iframe>
</div></figure>



<h2 class="wp-block-heading"><span class="ez-toc-section" id="Lappartement"></span>L&rsquo;appartement<span class="ez-toc-section-end"></span></h2>



<h3 class="wp-block-heading"><span class="ez-toc-section" id="Le_salonsalle_a_manger"></span>Le salon/salle à manger<span class="ez-toc-section-end"></span></h3>



<figure class="wp-block-video"><video controls src="https://residence-les-flots-bleus.fr/wp-content/uploads/2024/01/IMG_5122.mov"></video></figure>



<figure class="wp-block-video"><video controls src="https://residence-les-flots-bleus.fr/wp-content/uploads/2024/01/IMG_5123.mov"></video></figure>



<h3 class="wp-block-heading"><span class="ez-toc-section" id="La_cuisine"></span>La cuisine<span class="ez-toc-section-end"></span></h3>



<figure class="wp-block-video"><video controls src="https://residence-les-flots-bleus.fr/wp-content/uploads/2024/01/IMG_5121.mov"></video></figure>



<h3 class="wp-block-heading"><span class="ez-toc-section" id="Chambre_1"></span>Chambre 1<span class="ez-toc-section-end"></span></h3>



<figure class="wp-block-video"><video controls src="https://residence-les-flots-bleus.fr/wp-content/uploads/2024/01/IMG_5116.mov"></video></figure>



<h3 class="wp-block-heading"><span class="ez-toc-section" id="Chambre_2"></span>Chambre 2<span class="ez-toc-section-end"></span></h3>



<figure class="wp-block-video"><video controls src="https://residence-les-flots-bleus.fr/wp-content/uploads/2024/01/IMG_5119.mov"></video></figure>



<h3 class="wp-block-heading"><span class="ez-toc-section" id="Le_jardin"></span>Le jardin<span class="ez-toc-section-end"></span></h3>



<figure class="wp-block-video"><video controls src="https://residence-les-flots-bleus.fr/wp-content/uploads/2024/01/IMG_5127.mov"></video></figure>

<p>Le site L&rsquo;appartement Le salon/salle à manger La cuisine Chambre 1 Chambre 2 Le jardin</p>

<!-- This site is optimized with the Yoast SEO plugin v26.6 - https://yoast.com/wordpress/plugins/seo/ -->
<title>Résidence Les Flots Bleus - Location de studios en Corse</title>
<meta name="description" content="Résidence Les Flots Bleus à Tiuccia - Location de studios tout confort en Corse, les pieds dans l&#039;eau, proche d&#039;Ajaccio" />
<meta name="robots" content="index, follow, max-snippet:-1, max-image-preview:large, max-video-preview:-1" />
<link rel="canonical" href="https://residence-les-flots-bleus.fr/index.php/videos/" />
<meta property="og:locale" content="fr_FR" />
<meta property="og:type" content="article" />
<meta property="og:title" content="Résidence Les Flots Bleus - Location de studios en Corse" />
<meta property="og:description" content="Résidence Les Flots Bleus à Tiuccia - Location de studios tout confort en Corse, les pieds dans l&#039;eau, proche d&#039;Ajaccio" />
<meta property="og:url" content="https://residence-les-flots-bleus.fr/index.php/videos/" />
<meta property="og:site_name" content="Résidence Les Flots Bleus" />
<meta property="article:modified_time" content="2024-01-04T13:52:14+00:00" />
<meta name="twitter:card" content="summary_large_image" />
<meta name="twitter:label1" content="Durée de lecture estimée" />
	<meta name="twitter:data1" content="1 minute" />
<script type="application/ld+json" class="yoast-schema-graph">{"@context":"https://schema.org","@graph":[{"@type":"WebPage","@id":"https://residence-les-flots-bleus.fr/index.php/videos/","url":"https://residence-les-flots-bleus.fr/index.php/videos/","name":"Résidence Les Flots Bleus - Location de studios en Corse","isPartOf":{"@id":"https://residence-les-flots-bleus.fr/#website"},"datePublished":"2023-01-01T17:10:51+00:00","dateModified":"2024-01-04T13:52:14+00:00","description":"Résidence Les Flots Bleus à Tiuccia - Location de studios tout confort en Corse, les pieds dans l'eau, proche d'Ajaccio","breadcrumb":{"@id":"https://residence-les-flots-bleus.fr/index.php/videos/#breadcrumb"},"inLanguage":"fr-FR","potentialAction":[{"@type":"ReadAction","target":["https://residence-les-flots-bleus.fr/index.php/videos/"]}]},{"@type":"BreadcrumbList","@id":"https://residence-les-flots-bleus.fr/index.php/videos/#breadcrumb","itemListElement":[{"@type":"ListItem","position":1,"name":"Accueil","item":"https://residence-les-flots-bleus.fr/"},{"@type":"ListItem","position":2,"name":"Vidéos"}]},{"@type":"WebSite","@id":"https://residence-les-flots-bleus.fr/#website","url":"https://residence-les-flots-bleus.fr/","name":"Résidence Les Flots Bleus","description":"Location de studios les pieds dans l&#039;eau","potentialAction":[{"@type":"SearchAction","target":{"@type":"EntryPoint","urlTemplate":"https://residence-les-flots-bleus.fr/?s={search_term_string}"},"query-input":{"@type":"PropertyValueSpecification","valueRequired":true,"valueName":"search_term_string"}}],"inLanguage":"fr-FR"}]}</script>
<!-- / Yoast SEO plugin. -->

Résidence Les Flots Bleus - Location de studios en Corse

Résidence Les Flots Bleus à Tiuccia - Location de studios tout confort en Corse, les pieds dans l'eau, proche d'Ajaccio

Résidence Les Flots Bleus
